-3*o + 4*o + 92. What is the tens digit of f?
1
Let b(g) = g**3 - 2*g**2 + g - 1. Let w be (-22)/(-4) + 2/(-4). Let h = 8 - w. What is the tens digit of b(h)?
1
Suppose -3*p = 2*h - 626, 6*h + 4*p + 598 = 8*h. What is the units digit of h?
7
Let p(r) = -r**2 - 3*r + 4*r + 4*r - 2. Let f be p(4). Suppose -2 + 0 = -f*d. What is the units digit of d?
1
Let v be 408/(-52) + (-2)/13. Let r be 74/14 + v/28. Suppose -r = -5*p - 0. What is the units digit of p?
1
Let g(t) = -1 + 14 - 6*t + 2*t**2 - 2*t - t**2. What is the units digit of g(7)?
6
Suppose -7*q + 932 + 146 = 0. What is the tens digit of q?
5
Suppose -l - 4*d = 4*l, 5*l - 2*d = 0. Suppose -2*n + 13 = -l*n + 3*o, -2*o - 13 = -3*n. Suppose n*t + 33 = 2*p, 17 = p - 5*t - 2. What is the units digit of p?
4
Suppose u = 4*l - 8, l = u + 11 - 6. What is the units digit of l?
1
Suppose 0*r + 2*r = 20. What is the units digit of r/(-15) + (-17)/(-3)?
5
Let o = 138 - 123. What is the tens digit of o?
1
Suppose 5*h = -g + 53, -3*h + 170 = 3*g + h. Suppose 8*x - 6*x = g. What is the tens digit of x?
2
Suppose -5*y + 0*y - 72 = -j, y + 60 = j. Let x = j - 41. What is the tens digit of x?
1
Suppose -2*t - 2 = -12. Suppose 0*q - 95 = -t*l + 2*q, 4*l = -q + 63. What is the tens digit of l?
1
Suppose -d + 2*d - 5 = 0. Let r be 2*(21/6 + -2). Suppose 2*i = r*i - d. What is the units digit of i?
5
Let m(v) = 2*v**2 - 3 + 4 + 14 - v**2. What is the tens digit of m(0)?
1
Let u(a) be the first derivative of a**3/3 - 2*a**2 + 2*a - 2. Let h be u(3). What is the units digit of (h + -1)/2 - -8?
7
Suppose 0 = -4*s + x + 8, 4*s - 4*x - 21 = -s. Let p = -33 - -49. Suppose i - p = s. What is the tens digit of i?
1
Let w be ((-9)/2)/((-3)/(-4)). Let x be (18/(-15))/(w/100). Let y = -11 + x. What is the units digit of y?
9
Let b = 142 + -77. Suppose 3*s = 79 + b. What is the units digit of s?
8
Let p(u) = u**2 - 11*u - 8. Let v be p(12). What is the tens digit of (-3)/(6/(-7))*v?
1
Let k(a) = -a**2 - 10*a - 3. Let w = -3 + -5. What is the units digit of k(w)?
3
Let t(l) = l**3 - 7*l**2 + 4*l - 9. What is the units digit of t(7)?
9
Suppose -4*t - 2 = p, 0 = 4*p - 6*p + 4*t + 32. Let m be ((-2)/(-4))/(1/p). Suppose 0 = g + l + 1, 3*l = -m*g - 0 + 3. What is the units digit of g?
3
Let d be (60/(-6))/(2*-1). Suppose -282 = -d*l - l. What is the units digit of l?
7
Suppose -5*m - 1008 = -14*m. What is the units digit of m?
2
Suppose 0 = -n + 1, 3*n - 54 = -s + 6*n. What is the units digit of s?
7
Let c be (0 - -2)/(-2)*-45. What is the units digit of c/10 - 1/2?
4
Suppose -2*v - 3*u + 0*u = -12, v + u = 5. Suppose v*q + z = 5, -5*q + 15 = 3*z + 2*z. What is the tens digit of 3/((3 - q)/8)?
1
Let m(l) = l**3 + 6*l**2 - 2*l + 6. Let d(u) = -u**3 - 6*u**2 + 9*u + 8. Let j be d(-7). What is the units digit of m(j)?
8
Let c(d) = -5*d - 9. Let o be c(-5). Suppose o + 4 = 4*p. What is the units digit of p?
5
Let m = 11 - 11. Let a(i) be the first derivative of -i**4/4 + i**3/3 + i**2/2 + 12*i + 1. What is the units digit of a(m)?
2
Suppose 4*y - 20 = -y. Suppose -3*d - y = -13. Suppose 0 = d*x - 12, 3*h + 3*x - 58 - 2 = 0. What is the tens digit of h?
1
Suppose 5*a - 5*r - 20 = 0, 4*r + 7 = 5*a - 12. Suppose 33 = a*g - 0. What is the units digit of g?
1
Let g = 0 + -3. Let h be (-6)/g*(14 - 1). Let t = h + -14. What is the tens digit of t?
1
What is the units digit of (-17)/(-4) + 4/(-16)?
4
Let t = -29 - -9. Let a = t - -22. What is the units digit of a?
2
Let y(g) = g**2 - g. Let k be y(3). Let o = 21 + k. Suppose 5*u - o = 3. What is the units digit of u?
6
Let j = 57 - 40. Suppose -3*g + 16 = -j. What is the units digit of g?
1
Let n(f) = 2*f**2 - 2*f + 1. Let i be n(1). Suppose 0 = a - i - 1. Suppose -4*x = -20, -5*p - a*x = -0*x - 45. What is the units digit of p?
7
Suppose 0 = 4*m + 9 + 3, -y - 10 = 2*m. Let p = -4 - y. Suppose 4*w + 2 - 34 = p. What is the units digit of w?
8
Let n = -4 + 4. Suppose 0 = 2*t + 5*u - 2*u - 7, n = t + 4*u - 6. What is the units digit of t?
2
Let q(n) = 2*n**2 + 9*n - 3. What is the units digit of q(-10)?
7
Suppose -24 = 5*t + 31. Let f = 0 - t. What is the tens digit of f?
1
Let w(p) = -p - 1. Let k(m) = -m**3 + 10*m**2 - 14*m - 6. Let f(a) = -k(a) + 5*w(a). What is the units digit of f(9)?
1
Let l(g) be the second derivative of -1/6*g**3 - g**2 - g + 0. What is the units digit of l(-5)?
3
Let o be (-1 - 84/(-8))*-2. Let g = o + 29. What is the tens digit of g?
1
Let l(g) = -g**3 - 2*g**2 - 3*g - 3. Let j be l(-2). Suppose 129 - 48 = j*s. What is the tens digit of s?
2
Let b = -26 - -191. What is the tens digit of b?
6
Let i = 103 + -101. Let r(z) be the first derivative of z**2 - 3*z - 1. What is the units digit of r(i)?
1
Let l be 6936/56 - (-2)/14. What is the tens digit of (l/(-16))/((-1)/4)?
3
Let p(q) = q**3 + 10*q**2 + 8*q + 5. Let j be p(-9). Let z be (-4)/1*(-6)/6. Suppose -z*v = -2*v - j. What is the units digit of v?
7
Suppose -4*r = 5*v - 543, r - 3*v = -r + 255. What is the units digit of r?
2
Suppose -4*k = -3*k. Suppose k = -c - c. Suppose f = -c*f + 4. What is the units digit of f?
4
Let s be (2 + 1 - 1)/2. Let f be s + (-1)/(-1)*1. What is the units digit of 9/4 - f/8?
2
Let h(j) = 4*j**2 - 20. What is the units digit of h(4)?
4
Let z = -5 + 9. Let s(u) = -2*u - 8. Let g be s(-6). Suppose t = -t + g*j + 36, -3*j = z*t - 28. What is the units digit of t?
0
Suppose 0 = 2*j - 5*m - 0*m - 255, -3*m + 9 = 0. What is the tens digit of j?
3
Let u(v) = 3*v**2 - 10*v - 22. What is the hundreds digit of u(13)?
3
What is the units digit of -1*(2*-29 + -3)?
1
Let r be 2 + 3 - 5/(-5). Let u be r*5/1 - -3. Suppose -t - 12 = -u. What is the tens digit of t?
2
Suppose -13 = 5*p - 3. What is the units digit of (1 - -1) + 8 + p?
8
Let q be (-6)/(-9) + 43/3. Let x = -6 + q. What is the units digit of x?
9
Let q be 1/(3/51 + 0). Let z = q + -12. What is the units digit of z?
5
Let l be 40*((-1)/(-2) + -1). Let h be 0 + 0 - l/1. Suppose -16 - h = -2*d. What is the units digit of d?
8
Suppose 3*k - 9 = 24. What is the units digit of k?
1
Let c be -8*-2*(-4)/(-16). Suppose 3*i - w = 84, -5*i - c*w - 22 + 162 = 0. What is the tens digit of i?
2
Let w = -68 + 133. What is the tens digit of w?
6
Suppose -4*b + 3 = -5. What is the units digit of 7 - 4 - 4/b?
1
Suppose -6*c + 80 = -c. What is the units digit of c?
6
Let m(g) = -11*g**3 + 8*g**2 - 9*g - 13. Let i(d) = -5*d**3 + 4*d**2 - 4*d - 6. Let k(l) = -13*i(l) + 6*m(l). What is the units digit of k(-4)?
8
Let l = 31 - -25. Suppose 4*m + 3*u - 25 = 0, 3*m - u - l = -21. What is the tens digit of m?
1
Suppose 4*c + i = 367, 70 + 218 = 3*c + 5*i. What is the tens digit of c?
9
Suppose d = -4*d - 4*q - 6, -q + 4 = 4*d. Suppose -90 = -3*f + 3*p, 5*f + 0*p - 147 = d*p. What is the tens digit of f?
2
Suppose -1 = -y - 3. Suppose 8 = -0*n + 4*n. What is the units digit of n + 5 - 0/y?
7
Let a = -28 - -64. What is the units digit of a?
6
What is the tens digit of (9 - 5) + (-44)/(-4)?
1
Let t = 586 - 232. What is the tens digit of t?
5
Let o(k) = k + 3*k**2 + k - k + k**2. What is the tens digit of o(-2)?
1
Let s = 44 - -27. What is the units digit of s?
1
Suppose 329 = 3*v + 68. What is the tens digit of v?
8
Suppose 2*v - 541 = -121. What is the units digit of v?
0
Let m(l) = 3*l**3 - 2*l**2 - 2*l. Let b be m(2). Suppose b = 5*f - f. What is the units digit of f?
3
Let z(p) = p**3 + 8*p**2 + 8*p. Let k(u) = -u**3 - 3*u**2 + 4*u - 6. Let b be k(-4). What is the units digit of z(b)?
4
Let k = 1 - 6. Let h = k + 8. What is the units digit of h - ((-18)/3)/(-3)?
1
Let j(l) = 6*l - 3. Let p(u) = -1. Let i(v) = -2*j(v) + 6*p(v). What is the units digit of i(-1)?
2
Let b(i) = i**3 - 6*i**2 - 3*i - 4. Let u(o) = -3*o**3 + 12*o**2 + 5*o + 7. Let l(m) = -5*b(m) - 2*u(m). What is the units digit of l(-4)?
8
Let x = 15 + -23. Let v(u) = -u**2 - 12*u - 11. What is the tens digit of v(x)?
2
Suppose 2*s - 51 = -d, 0*d - 4*s - 173 = -3*d. What is the tens digit of d?
5
Let q(m) be the second derivative of m**5/2 - m**4/6 + m**2/2 - m. What is the units digit of q(1)?
9
Let f = -29 - -71. What is the tens digit of f?
4
Let l = 0 - 1. Let d be 0*l/(-2) + 9. Suppose i - 3*x - d = -3, 3*x + 18 = 5*i. What is the units digit of i?
3
Let t(o) = o**3 + o**2 - o + 1. Let m b